Give m(-2).
5
Let t(j) = j**3 + 4*j**2 - 3*j - 13. Calculate t(-3).
5
Let b(g) = g**3 - 8*g**2 + 8*g. Calculate b(6).
-24
Let z(s) = 2*s + 4. What is z(5)?
14
Let u(m) = 4*m - 9. Determine u(4).
7
Let s(p) = p**3 - 3*p**2 - p. Calculate s(3).
-3
Let g(f) = f**3 - 8*f**2 - 6*f - 10. Determine g(9).
17
Let b(a) = -a**2 + 5*a + 42. Determine b(-5).
-8
Let i(h) = -h**3 - 13*h**2 + 21*h + 96. What is i(-14)?
-2
Let t(z) = -z**3 - 3*z - 1. Calculate t(3).
-37
Let k(t) = -t**3 - 21*t**2 + 18. What is k(-21)?
18
Let q(f) = -4*f**2 + 74*f - 40. Give q(18).
-4
Let t(g) = 4*g + 18. Give t(5).
38
Let l(v) = -v**2 + 5*v - 3. Calculate l(-3).
-27
Let f(r) = -3*r - 34. Give f(-11).
-1
Let y(c) = c**3 - 29*c**2 + 50*c + 94. Determine y(27).
-14
Let g(v) = -15*v - 20. What is g(-3)?
25
Let h(l) = l**3 + 6*l**2 + 7. Calculate h(-6).
7
Let j(d) = d**2 + 5*d - 1. Determine j(-7).
13
Let m(c) = -c - 26. Give m(12).
-38
Let y(l) = l**3 + 11*l**2 + 5*l - 14. Give y(-10).
36
Let y(d) = d**3 - 10*d**2 + 8*d + 1. Give y(9).
-8
Let c(o) = -8*o + 31. What is c(-9)?
103
Let y(b) = -b**3 + 5*b**2 - 9*b + 15. Give y(3).
6
Let o(k) = 4*k**2 + 11*k + 6. Determine o(-4).
26
Let y(s) = -6*s**2 + s - 5. Calculate y(2).
-27
Let n(j) = -j**2 - 4*j + 4. Calculate n(-8).
-28
Let f(b) = 5*b + 18. What is f(13)?
83
Let l(i) = 3*i**2 - 11*i + 3. Calculate l(5).
23
Let x(c) = -6*c**2 - 4*c + 1. What is x(-2)?
-15
Let x(m) = m - 17. What is x(14)?
-3
Let y(d) = -d**3 - 19*d**2 - 8*d + 16. Give y(-19).
168
Let z(g) = -g**3 - 10*g**2 - 31*g - 23. Give z(-5).
7
Let i(g) = 2*g + 2. Calculate i(-2).
-2
Let s(f) = -3*f + 38. Give s(15).
-7
Let z(m) = -m**3 + 23*m**2 + 25*m - 28. Determine z(24).
-4
Let c(g) = g**3 - 7*g**2 - 11*g + 5. Give c(8).
-19
Let g(u) = -u**3 + 2*u**2 + 7*u + 3. Determine g(-2).
5
Let j(k) = k**3 + 14*k**2 - 8. Determine j(-14).
-8
Let n(d) = d - 21. Give n(15).
-6
Let o(h) = -h**2 - 3*h + 11. What is o(-4)?
7
Let x(h) = -h**3 - 14*h**2 - 29*h - 5. What is x(-12)?
55
Let s(p) = p + 74. What is s(0)?
74
Let c(b) = 3*b**2 - 79*b + 16. Calculate c(26).
-10
Let p(g) = g - 3. Calculate p(-2).
-5
Let c(t) = 2*t**2 - 5*t. Calculate c(7).
63
Let d(q) = q - 5. What is d(6)?
1
Let z(w) = 6*w - 2. Give z(1).
4
Let c(b) = -b**2 - 3*b + 6. Determine c(-5).
-4
Let k(h) = -7*h + 10. Calculate k(6).
-32
Let p(m) = -35*m + 122. What is p(3)?
17
Let w(d) = d**3 - 5*d**2 - 6*d + 7. Give w(2).
-17
Let p(f) = -f**3 + 3*f**2 - 2*f + 1. Calculate p(2).
1
Let g(f) = 3*f + 10. Give g(-4).
-2
Let c(u) = -u**2 + 2*u + 9. What is c(8)?
-39
Let b(y) = 49*y + 249. Determine b(-6).
-45
Let p(a) = -2*a**2 + 68*a + 474. Calculate p(-6).
-6
Let u(h) = -3*h**2 + 12*h - 59. Determine u(9).
-194
Let w(t) = 21*t. Give w(0).
0
Let y(x) = -x**2 + 2*x + 2. Determine y(-5).
-33
Let k(w) = -6*w + 11. Calculate k(4).
-13
Let x(s) = -s**3 + 9*s**2 + s - 4. Give x(9).
5
Let a(i) = -i**2 - 10*i + 5. Determine a(-11).
-6
Let q(j) = -8*j**2 - 1. Determine q(1).
-9
Let m(y) = -y**3 + 10*y**2 + 12*y - 21. Determine m(11).
-10
Let y(n) = n**2 - 27*n - 7. Give y(27).
-7
Let u(j) = 2*j**2 - 19*j + 10. Calculate u(9).
1
Let y(s) = -s + 19. Calculate y(18).
1
Let s(b) = 2*b**3 - 22*b**2 + 4*b - 28. Calculate s(11).
16
Let z(a) = a**3 + 6*a**2 - 17*a - 23. Calculate z(-7).
47
Let d(t) = 12*t + 159. Calculate d(-10).
39
Let n(a) = a**2 + 5*a + 2. Calculate n(-3).
-4
Let n(x) = x**3 + 13*x**2 + 12*x + 6. What is n(-12)?
6
Let m(p) = 2*p**2 + 9*p + 9. Calculate m(-4).
5
Let r(y) = y**2 + 11*y - 8. Give r(-9).
-26
Let w(b) = -3*b**2 + 15*b + 4. What is w(6)?
-14
Let q(l) = -23*l + 165. Calculate q(7).
4
Let b(i) = -6*i - 161. What is b(-28)?
7
Let c(y) = 2*y + 29. Determine c(15).
59
Let g(x) = x**3 + 27*x**2 + 49*x - 24. Calculate g(-25).
1
Let v(t) = 14*t - 113. What is v(8)?
-1
Let f(c) = -c**2 - 7*c + 155. Determine f(10).
-15
Let d(j) = 7*j**3 - 12*j - 11. Calculate d(-1).
-6
Let t(b) = -b**3 + 4*b**2 + 2*b - 3. Determine t(4).
5
Let l(d) = -25*d**2 - d. Calculate l(-1).
-24
Let p(w) = 3*w**2 - 5*w + 9. What is p(5)?
59
Let z(q) = -2*q**2 + 4*q + 8. Determine z(6).
-40
Let c(i) = -i**3 - 7*i**2 + 17*i - 13. Determine c(-9).
-4
Let h(a) = -4*a - 2. Calculate h(-1).
2
Let y(x) = -17*x - 1. Calculate y(-2).
33
Let p(s) = -s**2 + 5*s + 8. Calculate p(7).
-6
Let p(s) = -38*s - 14. What is p(-3)?
100
Let j(w) = 29*w**2 + 2*w + 1. What is j(-1)?
28
Let d(h) = -h**2 - 8*h - 7. What is d(-7)?
0
Let r(m) = m**2 + 4*m - 13. Calculate r(-9).
32
Let l(w) = w**2 - 3*w - 22. Determine l(7).
6
Let y(w) = -w**3 + 6*w**2 + 111*w + 25. What is y(14)?
11
Let v(w) = -w. Calculate v(2).
-2
Let y(w) = w**2 - w - 12. Give y(-6).
30
Let g(n) = -n**3 - 11*n**2 - 9*n + 12. Give g(-10).
2
Let i(n) = 2*n - 11. Give i(5).
-1
Let r(p) = 7*p - 2. Calculate r(-2).
-16
Let b(i) = i**3 - 12*i**2 - 12*i - 11. What is b(13)?
2
Let n(y) = -y**2 - 11*y - 15. Give n(-5).
15
Let h(v) = v**3 - 17*v**2 + 16*v - 1. Calculate h(16).
-1
Let l(j) = 2*j**2 + 30*j + 5. Give l(-15).
5
Let j(f) = f**3 + 5*f**2 - 13*f - 9. Calculate j(-5).
56
Let f(p) = p**3 + 7*p**2 + 24*p + 70. What is f(-4)?
22
Let w(g) = -2*g - 7. Give w(-5).
3
Let z(b) = -11*b - 99. Calculate z(-11).
22
Let o(c) = 2*c - 6. Calculate o(-6).
-18
Let r(n) = -6*n**3 - 2*n**2 + 2*n + 3. Calculate r(-1).
5
Let u(m) = m**3 + 9*m**2 + 8*m - 6. What is u(-8)?
-6
Let a(j) = j**3 + j**2 - j - 3. Give a(3).
30
Let y(f) = f**3 - 12*f**2 + 35*f - 19. Give y(8).
5
Let b(c) = -c**3 + 8*c**2 - 8*c - 11. Determine b(7).
-18
Let k(g) = -g**2 + 13*g - 5. Give k(13).
-5
Let j(h) = h**3 - 6*h**2 - 12*h - 15. What is j(8)?
17
Let t(o) = -o**2 + 7*o + 17. Determine t(10).
-13
Let a(r) = -8*r**2 - 13*r - 6. Determine a(-1).
-1
Let p(z) = z**3 + 8*z**2 + 12*z + 4. Calculate p(-7).
-31
Let c(y) = y**2 + y + 2. What is c(0)?
2
Let g(b) = b**2 + 10*b + 8. Calculate g(-4).
-16
Let f(s) = -12*s - 15. What is f(-6)?
57
Let l(o) = -o**3 + 11*o**2 - 16*o - 14. Calculate l(10).
-74
Let w(b) = 5*b + 47. What is w(-11)?
-8
Let f(w) = -3*w - 28. Calculate f(-22).
38
Let g(a) = a**3 - a**2 + 4*a - 8. Determine g(0).
-8
Let r(t) = -t**2 - 11*t - 10. Calculate r(-10).
0
Let l(a) = -10*a - 9. Give l(-6).
51
Let p(o) = -3*o - 13. Give p(-9).
14
Let z(j) = j**3 - 8*j**2 - 9*j + 2. Give z(9).
2
Let b(w) = -4*w**2 + 68*w - 12. Give b(17).
-12
Let t(x) = -4*x + 17. What is t(0)?
17
Let c(u) = -2*u - 2. What is c(-2)?
2
Let i(o) = -41*o**2 - 3*o - 2. Calculate i(-1).
-40
Let d(i) = -i + 54. Calculate d(38).
16
Let i(u) = -3*u - 4. Give i(10).
-34
Let n(u) = -15*u - 8. Give n(-2).
22
Let y(v) = -v**3 - 18*v**2 + 6*v + 100. Determine y(-18).
-8
Let n(y) = -18*y**3 + 1. Calculate n(1).
-17
Let z(f) = -15*f + 445. Calculate z(30).
-5
Let n(b) = b**3 - 7*b**2 + 6*b + 7. Calculate n(5).
-13
Let z(k) = -k**2 - 2*k + 4. Determine z(2).
-4
Let x(n) = n**3 + 4*n**2 - 2*n + 8. Determine x(-4).
16
Let g(w) = -5*w**2 + 10*w + 22. Determine g(-4).
-98
Let l(k) = -4*k - 143. Give l(-38).
9
Let t(q) = -q**2 + 13*q - 13. Calculate t(11).
9
Let f(s) = -3*s - 4. Give f(-2).
2
Let a(x) = -x**3 - 18*x**2 - 15*x + 20. Give a(-17).
-14
Let u(p) = -p**3 - 6*p**2 - 6*p + 7. Determine u(-5).
12
Let s(y) = -2*y**3 + 13*y**2 - 15*y - 4. Determine s(6).
-58
Let b(h) = 19*h**2 - 1. Give b(2).
75
Let h(a) = -a**2 + a + 75. Calculate h(9).
3
Let q(d) = d**3 + d**2 - 4*d + 2. What is q(1)?
0
Let p(y) = y**3 + y**2 - 2*y - 9. Calculate p(-2).
-9
Let p(d) = -d**3 + 9*d**2 - 10*d + 31. Calculate p(8).
15
Let v(k) = k**3 - k**2 - k + 3. Give v(0).
3
Let m(v) = -25*v + 2. What is m(3)?
-73
Let g(q) = 2*q**3 - 8*q**2 + 2*q - 1. What is g(4)?
7
Let p(c) = -2*c**2 + 7*c - 52. Give p(5).
-67
Let k(f) = -f**3 + 10*f**2 - 11*f + 13. Calculate k(9).
-5
Let t(j) = j**3 + 17*j**2 + 18*j + 37. Determine t(-16).
5
Let q(r) = -r + 17. Give q(-7).
24
Let v(i) = -19*i - 21. What is v(-5)?
74
Let b(i) = 2*i + 5. What is b(6)?
17
Let b(m) = -m**2 - 24. What is b(0)?
-24
Let p(g) = -g**2 + 73*g - 1142. Calculate p(50).
8
Let w(r) = 69*r**2 - 2*r - 3. Calculate w(-1).
68
Let q(r) = -47*r - 1. What is q(1)?
-48
Let v(f) = -f**2 - 7*f + 1. What is v(-6)?
7
Let o(m) = -46*m - 4. Give o(-2).
88
Let n(i) = -i**3 - 17*i**2 - 16*i + 6. Give n(-16).
6
Let g(d) = -d**2 - 21*d - 91. Determine g(-8).
13
Let v(u)